ivisor of l and 20.
4
Let g(k) = 5*k + 5 + 10 + 24. Let p be g(-3). Calculate the highest common factor of 156 and p.
12
Suppose 77*g + 37*g = 9*g + 3360. Suppose 3*v + 6*s = s + 480, s = v - 160. Calculate the highest common factor of v and g.
32
Let j(c) = -c**2 + 16*c - 9. Let q be j(6). Suppose 9*g - 422 = -80. Suppose v = -2, p = 3*v + g + 2. Calculate the highest common divisor of p and q.
17
Suppose -95*r + 7772 = -132*r + 66*r. Calculate the highest common factor of r and 44.
4
Suppose -t + 16 = t. Let l be 6 + 6/(-2) + 1. Suppose l*n + 8 = 5*n. Calculate the highest common factor of t and n.
8
Let i be 17/2*(-1850)/(-25). What is the greatest common divisor of i and 425?
17
Suppose -3*g + 8960 = 17*g. What is the greatest common factor of 14 and g?
14
Let f = 14694 + -14658. Suppose r + 538 = 3*a, 4*a + 3*r - 906 = -a. What is the highest common factor of f and a?
36
Suppose -108*m + 30 = -106*m - 2*o, 0 = -4*m + 5*o + 65. What is the greatest common divisor of 1315 and m?
5
Let d(y) = 132*y + 1347. Let s be d(-6). What is the greatest common divisor of 60 and s?
15
Suppose 2*s = -d + 83, 2*d - 14*s - 165 = -19*s. Suppose 13*f - 9*f = 272. Calculate the highest common divisor of d and f.
17
Suppose -208*r = -8*r - 549000. Calculate the greatest common divisor of 75 and r.
15
Let l = -166 - -166. Suppose -t + 23 - 21 = l, m + 3*t = 66. What is the greatest common divisor of 40 and m?
20
Let l(m) = 9997*m + 169964. Let o be l(-17). Let f = 17 + -3. Let s be ((-60)/f)/((-2)/56). Calculate the highest common factor of o and s.
15
Suppose -w - 3*x = -181, -8*w + 6*w - 3*x + 356 = 0. What is the greatest common divisor of w and 105?
35
Let n(z) = 5*z + 145. Let r be n(-28). Suppose -d - 10*i + 4 = -8*i, -23 = -3*d + r*i. What is the highest common factor of d and 93?
3
Let u(v) = -v**3 + 14*v**2 + 74*v + 34. Let w be u(-4). What is the highest common divisor of 4966 and w?
26
Suppose 0 = -3*w - 1 + 13. Let s be 2*119/(-68)*6/(-14)*136/102. What is the highest common factor of w and s?
2
Suppose 10705 = 138*p - 5752 + 3899. What is the highest common divisor of 1573 and p?
13
Let s = 52904 - 12632. Calculate the greatest common divisor of s and 16.
16
Suppose 3*a = -2*v + 1637, 31*v - 805 = 30*v + 3*a. What is the highest common factor of 11 and v?
11
Suppose 0 = -4*t - 105*p + 110*p + 8803, 0 = -t + 2*p + 2206. Calculate the greatest common factor of 48 and t.
16
Let f(h) = h**3 + 11*h**2 - 34*h - 30. Let u be f(-13). What is the greatest common divisor of u and 259?
37
Let c be 16/40 - 21/(-35). Calculate the greatest common factor of c and 16.
1
Let c(b) = 2*b**2 - 69*b - 27. Let n be c(36). Calculate the greatest common factor of n and 135.
27
Let u(t) = 751*t + 296. Let j be u(0). What is the greatest common factor of 2664 and j?
296
Let v = -52 + 60. Let c(d) = d**3 - 5*d**2 - 6*d - 36. Let b be c(v). What is the highest common divisor of b and 48?
12
Suppose -14*l - 1061 = -3*l - 1259. What is the greatest common divisor of 3360 and l?
6
Suppose 420 = 34*n - 27*n. Let k be ((-10)/30)/((-2)/6). Let r be 3 + 18 + (1 - (-1 - k)). What is the highest common divisor of n and r?
12
Let t be 202/20 + (-62)/620. Calculate the greatest common factor of 3885 and t.
5
Suppose 1208*l + 396 = 1217*l. Suppose -3*j + 2*j + 660 = 0. What is the highest common factor of l and j?
44
Suppose 10*d - 16*d + 5985 = 9*d. Calculate the highest common factor of d and 903.
21
Let w be -4 - -4 - 18/(-2). Let h(j) = -j**2 + 8*j + 24. Let k be h(w). Calculate the greatest common factor of 435 and k.
15
Let h = 199202 + -199076. Let u be 29 - 1/((-2)/(-2)). What is the greatest common divisor of h and u?
14
Suppose t + 30256 = 24*t + 38*t. Calculate the greatest common factor of 80 and t.
16
Let p be (-118 - -118) + 330/2. What is the greatest common divisor of p and 341?
11
Let u be (8/18)/(6/9)*54. Suppose 27 = h - u. Let m = h + -54. What is the greatest common factor of 45 and m?
9
Let i be 660 + 650/(-455)*42/(-5). What is the highest common factor of 2436 and i?
84
Let v(m) = 7*m**2 - m. Let k be v(-2). Let y = k - 15. Calculate the greatest common factor of y and 60.
15
Let g = 1472 + -1468. Suppose -w - w = -6. Suppose -10 = -3*r + 2*c, 4*r - 8*c - 11 = -w*c. Calculate the highest common divisor of g and r.
4
Suppose 5*u - 5*x + x = 36, -2*u + 4*x = -24. Suppose -3*k - u*a + 29 = 0, 27*k + 8 = 28*k + a. What is the highest common factor of k and 33?
3
Let u = 423 - 726. Let j = u - -651. Calculate the greatest common divisor of j and 36.
12
Suppose 6*s - 208 = 4*s. Suppose s = 4*q - 4*y, -5*q + 2*q = 4*y - 64. What is the greatest common factor of q and 168?
24
Suppose 753*b + 5*b - 5657672 = 24*b. Calculate the highest common divisor of 1312 and b.
164
Let h = 3875 + 3533. What is the greatest common factor of h and 8?
8
Let j(n) = 47*n**2 - n + 2. Suppose 1 - 5 = -4*r. Let i be j(r). What is the greatest common divisor of 3 and i?
3
Let p be (8 - 11)*(-3)/18*-8 + 4012. Calculate the highest common factor of 96 and p.
24
Let l = 3384 + -3383. What is the greatest common factor of 19 and l?
1
Let o(i) = 2*i**2 - 27*i + 105. Let l be o(8). Suppose x - 7 = 5*a, 4*x - 2*a = l + 11. Let y = 158 + -109. Calculate the highest common factor of y and x.
7
Let i(s) = s**3 - 4*s**2 - 2190*s + 43*s**2 + 2227*s + 6. Let r be i(-38). What is the highest common divisor of r and 16?
4
Let w be 3*(-2 + 100/12). Suppose q = -d + 23, w = -2*q + 5*d + 72. Let t = 99 - 91. What is the greatest common factor of t and q?
8
Let o(n) = -13*n - 133. Let y be o(-11). Suppose 50 = d + y. Calculate the highest common factor of 16 and d.
8
Suppose -14 + 11 = -g, 3*k - 5*g - 3429 = 0. What is the highest common factor of 224 and k?
28
Suppose -2*x + 3*x + 2 = -h, 12 = -3*x + 3*h. Let s be (78/x)/(2*7/(-28)). What is the greatest common factor of s and 52?
52
Suppose 2 = -5*y + 27. Suppose -o - 417 = y*n, o + 239 = -3*n + 6*o. Let w = 91 + n. Calculate the greatest common divisor of 56 and w.
8
Let u = -23918 - -31739. Calculate the greatest common factor of 44 and u.
11
Let k be 51/(-15 + (-462)/(-28)). Calculate the highest common divisor of k and 238.
34
Suppose 72 = 2*y - 2*q - 298, 2*y - 4*q = 374. Calculate the highest common divisor of 19825 and y.
61
Let m = -1979 - -2070. Let h(q) = -q**2 + q + 1. Let k(b) = 4*b**2 - 2. Let s(y) = h(y) + k(y). Let t be s(2). What is the greatest common factor of t and m?
13
Let j = 391 - 386. Suppose v + 10 = 6, 4*f - 88 = -j*v. Calculate the greatest common factor of f and 243.
27
Suppose 271*l - 431208 - 865256 = 0. What is the highest common factor of 161 and l?
23
Let x be 6/(-34) - (-1596784)/6307. What is the greatest common divisor of x and 2046?
11
Let d = 185 + -109. Let s = 76 - d. Let f be -8*(s/1 - (1 - -10)). Calculate the highest common divisor of 11 and f.
11
Let m(r) be the first derivative of -12 + 4*r**2 + 1/3*r**3 - 7*r. Let v be m(-12). What is the greatest common divisor of 41 and v?
41
Let i = -51 - -69. Let y(q) = -q**2 + 6*q + 2. Let s be y(6). Let u(z) = 2*z**2 - z. Let k be u(s). What is the greatest common factor of i and k?
6
Let a be (-19 - 14)*13050/(-165). Calculate the greatest common factor of a and 360.
90
Let g be (-21)/(-3)*-4 + (-3 - -1). Let m = -21 - g. Let x(c) = c**2 + 3*c - 1. Let o be x(-7). What is the greatest common divisor of m and o?
9
Let g = 7643 - 7569. Calculate the greatest common divisor of g and 37.
37
Suppose 8*d - 6207 - 12493 = -2*d. Calculate the greatest common divisor of 880 and d.
110
Suppose -324*z = -330*z + 372. Let a = -21 + -36. Let u = z + a. What is the highest common divisor of 1 and u?
1
Let r(w) = 7*w + 7. Let z be r(-1). Let t be -4*(z - (-7)/(-1)). What is the greatest common factor of t and 84?
28
Let n(y) = 2*y**2 + 82*y + 278. Let q be n(-43). Calculate the greatest common factor of q and 828.
18
Let r(k) = 7*k**2 - 5*k - 4. Let u be r(-4). Suppose 2*x + 80 + 22 = 0. Let v = x - -67. Calculate the greatest common factor of v and u.
16
Let d = 430 - 50. Let x = d + -356. Let c = -4 + 7. Calculate the greatest common factor of c and x.
3
Suppose 18*r = 34*r + 80. Let h be -2 - -153 - r/5. What is the greatest common divisor of 38 and h?
38
Let o be -8 - ((-6 - (-120